
5
What is the units digit of 3388?
8
What is the ten thousands digit of 126815?
2
What is the hundreds digit of 110083?
0
What is the thousands digit of 48556?
8
What is the units digit of 6537?
7
What is the thousands digit of 1913?
1
What is the ten thousands digit of 13277?
1
What is the thousands digit of 11310?
1
What is the hundreds digit of 1066?
0
What is the thousands digit of 2922?
2
What is the thousands digit of 41444?
1
What is the units digit of 1290?
0
What is the tens digit of 52233?
3
What is the ten thousands digit of 22116?
2
What is the hundreds digit of 534?
5
What is the units digit of 2934?
4
What is the units digit of 3084?
4
What is the hundreds digit of 40842?
8
What is the tens digit of 790?
9
What is the units digit of 56392?
2
What is the thousands digit of 1876?
1
What is the hundreds digit of 6651?
6
What is the units digit of 4233?
3
What is the units digit of 38069?
9
What is the tens digit of 1743?
4
What is the thousands digit of 3102?
3
What is the tens digit of 3467?
6
What is the hundreds digit of 323?
3
What is the thousands digit of 52304?
2
What is the thousands digit of 1105?
1
What is the hundreds digit of 3523?
5
What is the tens digit of 98?
9
What is the hundreds digit of 970?
9
What is the ten thousands digit of 14139?
1
What is the units digit of 1762?
2
What is the tens digit of 18578?
7
What is the tens digit of 762?
6
What is the ten thousands digit of 54201?
5
What is the ten thousands digit of 13269?
1
What is the units digit of 5598?
8
What is the thousands digit of 69902?
9
What is the hundreds digit of 3729?
7
What is the hundreds digit of 836?
8
What is the hundreds digit of 54506?
5
What is the tens digit of 2897?
9
What is the thousands digit of 4032?
4
What is the hundreds digit of 3282?
2
What is the tens digit of 449?
4
What is the hundreds digit of 183472?
4
What is the hundreds digit of 343?
3
What is the thousands digit of 3691?
3
What is the hundreds digit of 1060?
0
What is the tens digit of 570?
7
What is the hundreds digit of 991?
9
What is the units digit of 27992?
2
What is the thousands digit of 3553?
3
What is the thousands digit of 1597?
1
What is the hundreds digit of 15113?
1
What is the tens digit of 8214?
1
What is the units digit of 8558?
8
What is the units digit of 8185?
5
What is the thousands digit of 23058?
3
What is the hundreds digit of 3652?
6
What is the hundreds digit of 5837?
8
What is the thousands digit of 6925?
6
What is the hundreds digit of 13830?
8
What is the thousands digit of 4956?
4
What is the hundreds digit of 4750?
7
What is the units digit of 74624?
4
What is the hundreds digit of 835?
8
What is the hundreds digit of 310?
3
What is the units digit of 4017?
7
What is the ten thousands digit of 71466?
7
What is the units digit of 2721?
1
What is the hundreds digit of 546?
5
What is the hundreds digit of 1967?
9
What is the hundreds digit of 626?
6
What is the thousands digit of 162121?
2
What is the thousands digit of 88225?
8
What is the thousands digit of 34760?
4
What is the tens digit of 163?
6
What is the thousands digit of 18094?
8
What is the thousands digit of 9360?
9
What is the units digit of 1034?
4
What is the tens digit of 1607?
0
What is the thousands digit of 17788?
7
What is the units digit of 120086?
6
What is the units digit of 53715?
5
What is the thousands digit of 19745?
9
What is the tens digit of 24723?
2
What is the tens digit of 748?
4
What is the tens digit of 1102?
0
What is the ten thousands digit of 28118?
2
What is the hundreds digit of 14295?
2
What is the hundreds digit of 14527?
5
What is the units digit of 6035?
5
What is the ten thousands digit of 10748?
1
What is the ten thousands digit of 25294?
2
What is the hundreds digit of 184?
1
What is the tens digit of 137?
3
What is the units digit of 8112?
2
What is the units digit of 986?
6
What is the units digit of 9704?
4
What is the units digit of 30?
0
What is the hundreds digit of 7672?
6
What is the thousands digit of 82496?
2
What is the thousands digit of 45406?
5
What is the tens digit of 650?
5
What is the hundreds digit of 8993?
9
What is the thousands digit of 2464?
2
What is the thousands digit of 13280?
3
What is the thousands digit of 70422?
0
What is the units digit of 7364?
4
What is the thousands digit of 134398?
4
What is the thousands digit of 3548?
3
What is the units digit of 20182?
2
What is the units digit of 986?
6
What is the thousands digit of 5316?
5
What is the hundreds digit of 71569?
5
What is the units digit of 976?
6
What is the hundreds digit of 361?
3
What is the thousands digit of 1062?
1
What is the thousands digit of 31215?
1
What is the units digit of 7073?
3
What is the units digit of 1842?
2
What is the thousands digit of 1381?
1
What is the thousands digit of 1868?
1
What is the thousands digit of 32833?
2
What is the thousands digit of 144431?
4
What is the units digit of 616?
6
What is the units digit of 113067?
7
What is the ten thousands digit of 47121?
4
What is the thousands digit of 5396?
5
What is the units digit of 851?
1
What is the hundreds digit of 11805?
8
What is the hundreds digit of 554?
5
What is the tens digit of 2299?
9
What is the tens digit of 25572?
7
What is the hundreds digit of 6267?
2
What is the hundreds digit of 802?
8
What is the hundreds digit of 6084?
0
What is the units digit of 2168?
8
What is the thousands digit of 3009?
3
What is the units digit of 14620?
0
What is the ten thousands digit of 10562?
1
What is the thousands digit of 1777?
1
What is the ten thousands digit of 15127?
1
What is the thousands digit of 4350?
4
What is the tens digit of 85473?
7
What is the hundreds digit of 476?
4
What is the units digit of 123?
3
What is the thousands digit of 3747?
3
What is the units digit of 14325?
5
What is the units digit of 54256?
6
What is the units digit of 13808?
8
What is the hundreds digit of 3736?
7
What is the thousands digit of 7696?
7
What is the thousands digit of 20517?
0
What is the hundreds digit of 716?
7
What is the units digit of 9061?
1
What is the units digit of 13930?
0
What is the ten thousands digit of 75176?
7
What is the units digit of 132565?
5
What is the tens digit of 195?
9
What is the thousands digit of 56694?
6
What is the hundreds digit of 1356?
3
What is the hundreds digit of 9860?
8
What is the hundred thousands digit of 122173?
1
What is the units digit of 281?
1
What is the thousands digit of 92056?
2
What is the tens digit of 8772?
7
What is the ten thousands digit of 20044?
2
What is the tens digit of 45927?
2
What is the tens digit of 1139?
3
What is the tens digit of 119?
1
What is the thousands digit of 109683?
9
What is the thousands digit of 3545?
3
What is the hundreds digit of 5388?
3
What is the hundreds digit of 37162?
1
What is the tens digit of 623?
2
What is the hundreds digit of 779?
7
What is the thousands digit of 1421?
1
What is the tens digit of 300?
0
What is the ten thousands digit of 10782?
1
What is the units digit of 518?
8
What is the units digit of 21?
1
What is the units digit of 5119?
9
What is the hundreds digit of 747?
7
What is the ten thousands digit of 22171?
2
What is the tens digit of 42376?
7
What is the units digit of 12754?
4
What is the units digit of 2479?
9
What is the thousands digit of 61054?
1
What is the units digit of 73?
3
What is the thousands digit of 24404?
4
What is the thousands digit of 63780?
3
What is the units digit of 58926?
6
What is the tens digit of 270?
7
What is the tens digit of 500?
0
What is the units digit of 145?
5
What is the thousands digit of 2714?
2
What is the units digit of 2648?
8
What is the hundreds digit of 7654?
6
What is the tens digit of 1623?
2
What is the units digit of 14862?
2
What is the units digit of 904?
4
What is the units digit of 807?
7
What is the tens digit of 2235?
3
What is the hundreds digit of 27530?
5
What is the hundreds digit of 298?
2
What is the tens digit of 1127?
2
What is the units digit of 3176?
6
What is the units digit of 2455?
5
What is the tens digit of 369?
6
What is the ten thousands digit of 134059?
3
What is the units digit of 592?
2
What is the units digit of 9866?
6
What is the thousands digit of 3377?
3
What is the thousands digit of